{"id":28,"date":"2026-02-08T17:01:53","date_gmt":"2026-02-08T17:01:53","guid":{"rendered":"https:\/\/pintudeco.es\/?page_id=28"},"modified":"2026-02-08T17:14:23","modified_gmt":"2026-02-08T17:14:23","slug":"servicios","status":"publish","type":"page","link":"https:\/\/pintudeco.es\/index.php\/servicios\/","title":{"rendered":"Servicios"},"content":{"rendered":"\n<ul class=\"wp-block-list\">\n<li><strong>Pintura y decoraci\u00f3n de interiores<\/strong><br>Dale personalidad a tus espacios con colores que inspiran. Realizamos trabajos detallados en hogares, oficinas y comercios, adapt\u00e1ndonos a tu estilo y necesidades.<\/li>\n\n\n\n<li><strong>Pintura de fachadas\u00a0<\/strong><\/li>\n<\/ul>\n\n\n\n<p>&nbsp; &nbsp; &nbsp;Usamos sistemas de revestimiento de fachadas lisos y p\u00e9treos. . Adem\u00e1s aplicamos&nbsp; &nbsp; &nbsp; &nbsp; &nbsp; &nbsp;pinturas al silicato totalmente transpirables y duraderas<strong>.<\/strong><\/p>\n\n\n\n<ul class=\"wp-block-list\">\n<li><strong>Impermeabilizaci\u00f3n de cubiertas<\/strong><br>Protege tu propiedad de filtraciones y humedad. Aplicamos soluciones duraderas que garantizan resistencia y seguridad en terrazas, azoteas y tejados. Utilizamos el \u00absistema de encapsulado de resina epoxi con fibra de vidrio y acabado en poliuretano.\u00a0<\/li>\n\n\n\n<li><strong>Aplicaci\u00f3n de microcemento y microcuarzo<\/strong><br>Revestimientos modernos, continuos y sin juntas. Ideal para suelos, paredes, ba\u00f1os y cocinas, el microcemento ofrece una est\u00e9tica contempor\u00e1nea y f\u00e1cil mantenimiento.<\/li>\n\n\n\n<li><strong>Pintura de suelos industriales<\/strong><\/li>\n<\/ul>\n\n\n\n<p><strong>&nbsp; &nbsp; &nbsp;&nbsp;<\/strong>Utilizamos imprimaciones Epoxi, acabados en poliuretano de dos componentes tanto al agua como al disolvente.<\/p>\n\n\n\n<ul class=\"wp-block-list\">\n<li><strong>Restauraci\u00f3n de muebles<\/strong><\/li>\n<\/ul>\n\n\n\n<p>&nbsp; &nbsp; &nbsp; Puedo restaurar&nbsp;todo tipo de muebles con t\u00e9cnicas como pintura a la tiza, lacados y patinados.<\/p>\n","protected":false},"excerpt":{"rendered":"<p>&nbsp; &nbsp; &nbsp;Usamos sistemas de revestimiento de fachadas lisos y p\u00e9treos. . Adem\u00e1s aplicamos&nbsp; &nbsp; &nbsp; &nbsp; &nbsp; &nbsp;pinturas al silicato totalmente transpirables y duraderas. &nbsp; &nbsp; &nbsp;&nbsp;Utilizamos imprimaciones Epoxi, acabados en poliuretano de dos componentes tanto al agua como al disolvente. &nbsp; &nbsp; &nbsp; Puedo restaurar&nbsp;todo tipo de muebles con t\u00e9cnicas como pintura a [&hellip;]<\/p>\n","protected":false},"author":1,"featured_media":0,"parent":0,"menu_order":0,"comment_status":"closed","ping_status":"closed","template":"","meta":{"footnotes":""},"class_list":["post-28","page","type-page","status-publish","hentry"],"_links":{"self":[{"href":"https:\/\/pintudeco.es\/index.php\/wp-json\/wp\/v2\/pages\/28","targetHints":{"allow":["GET"]}}],"collection":[{"href":"https:\/\/pintudeco.es\/index.php\/wp-json\/wp\/v2\/pages"}],"about":[{"href":"https:\/\/pintudeco.es\/index.php\/wp-json\/wp\/v2\/types\/page"}],"author":[{"embeddable":true,"href":"https:\/\/pintudeco.es\/index.php\/wp-json\/wp\/v2\/users\/1"}],"replies":[{"embeddable":true,"href":"https:\/\/pintudeco.es\/index.php\/wp-json\/wp\/v2\/comments?post=28"}],"version-history":[{"count":2,"href":"https:\/\/pintudeco.es\/index.php\/wp-json\/wp\/v2\/pages\/28\/revisions"}],"predecessor-version":[{"id":33,"href":"https:\/\/pintudeco.es\/index.php\/wp-json\/wp\/v2\/pages\/28\/revisions\/33"}],"wp:attachment":[{"href":"https:\/\/pintudeco.es\/index.php\/wp-json\/wp\/v2\/media?parent=28"}],"curies":[{"name":"wp","href":"https:\/\/api.w.org\/{rel}","templated":true}]}}